{"id":1387,"date":"2024-10-09T12:19:17","date_gmt":"2024-10-09T16:19:17","guid":{"rendered":"https:\/\/psychsafety.workplaceoptions.com\/resource\/el-impacto-del-compromiso-de-los-empleados-en-la-seguridad-psicologica\/"},"modified":"2025-07-02T10:39:23","modified_gmt":"2025-07-02T14:39:23","slug":"el-impacto-del-compromiso-de-los-empleados-en-la-seguridad-psicologica","status":"publish","type":"resource","link":"https:\/\/psychsafety.workplaceoptions.com\/es\/resource\/el-impacto-del-compromiso-de-los-empleados-en-la-seguridad-psicologica\/","title":{"rendered":"El impacto del compromiso de los empleados en la seguridad psicol\u00f3gica"},"content":{"rendered":"\n<div id=\"buzzsprout-player-15898904\"><\/div><script src=\"https:\/\/www.buzzsprout.com\/2134480\/episodes\/15898904-the-impact-of-employee-engagement-on-psychological-safety.js?container_id=buzzsprout-player-15898904&#038;player=small\" type=\"text\/javascript\" charset=\"utf-8\"><\/script>\n\n<h2 class=\"wp-block-heading\">Sobre el Anfitri\u00f3n<\/h2>\n\n<p id=\"caption-attachment-52964\"><em>Andrey Ageev (Gestor de Cuentas Senior, Workplace Options)<\/em><\/p>\n\n<figure class=\"wp-block-image size-full\"><img loading=\"lazy\" decoding=\"async\" width=\"150\" height=\"150\" src=\"https:\/\/psychsafety.workplaceoptions.com\/wp-content\/uploads\/2025\/03\/Andrey-Ageev-150x150-1.jpg\" alt=\"Fotograf&#xED;a de Andrey\" class=\"wp-image-607\"\/><\/figure>\n\n<p>Andrey se incorpor\u00f3 a WPO en 2022, aportando casi 10 a\u00f1os de experiencia en funciones de ventas y gesti\u00f3n de cuentas, habiendo asesorado a organizaciones de los sectores financiero, manufacturero, sanitario, minorista y tecnol\u00f3gico. Se centra especialmente en la integridad y el desarrollo de relaciones s\u00f3lidas con sus clientes, as\u00ed como en encontrar soluciones beneficiosas para todos siempre que sea posible. En cada interacci\u00f3n, su objetivo es poner al cliente en primer lugar y comprender de forma proactiva las necesidades empresariales individuales para ofrecer el mejor asesoramiento posible. Las responsabilidades de gesti\u00f3n de cuentas de Andrey incluyen la planificaci\u00f3n y el lanzamiento de programas para nuevos clientes, el apoyo a los clientes existentes con iniciativas en curso y la elaboraci\u00f3n de informes de utilizaci\u00f3n, an\u00e1lisis de tendencias y consultas para maximizar el valor de nuestros servicios para los clientes. Andrey es experto en comprender los requisitos empresariales de los clientes y superar sus expectativas.   <\/p>\n\n<p>Andrey reside en Montreal, Quebec, Canad\u00e1. Es licenciado en Gesti\u00f3n Empresarial por el Dawson College y habla ingl\u00e9s y franc\u00e9s con fluidez. <\/p>\n\n<h2 class=\"wp-block-heading\">Sobre el invitado<\/h2>\n\n<p id=\"caption-attachment-52965\"><em>Dr. Brian Palmer (Director M\u00e9dico Asociado, HealthPartners)<\/em><\/p>\n\n<figure class=\"wp-block-image size-full\"><img loading=\"lazy\" decoding=\"async\" width=\"200\" height=\"200\" src=\"https:\/\/psychsafety.workplaceoptions.com\/wp-content\/uploads\/2025\/03\/Dr-Palmer.jpg\" alt=\"Fotograf&#xED;a del Dr. Palmer\" class=\"wp-image-608\" srcset=\"https:\/\/psychsafety.workplaceoptions.com\/wp-content\/uploads\/2025\/03\/Dr-Palmer.jpg 200w, https:\/\/psychsafety.workplaceoptions.com\/wp-content\/uploads\/2025\/03\/Dr-Palmer-150x150.jpg 150w\" sizes=\"auto, (max-width: 200px) 100vw, 200px\" \/><\/figure>\n\n<p>El Dr. Palmer se licenci\u00f3 en Medicina en la Facultad de Medicina Alix de la Cl\u00ednica Mayo y complet\u00f3 su residencia en el Hospital General de Massachusetts y en el Hospital McLean. Lleva m\u00e1s de 15 a\u00f1os ejerciendo. <\/p>\n","protected":false},"featured_media":1118,"template":"","meta":{"_acf_changed":false},"resource-type":[9],"class_list":["post-1387","resource","type-resource","status-publish","has-post-thumbnail","hentry","resource-type-podcasts"],"acf":[],"yoast_head":"<!-- This site is optimized with the Yoast SEO plugin v27.4 - https:\/\/yoast.com\/product\/yoast-seo-wordpress\/ -->\n<title>El impacto del compromiso de los empleados en la seguridad psicol\u00f3gica<\/title>\n<meta name=\"description\" content=\"En este episodio del podcast, Andrey y el Dr. Palmer discuten el impacto del compromiso de los empleados en la seguridad psicol\u00f3gica en el lugar de trabajo.\" \/>\n<meta name=\"robots\" content=\"index, follow, max-snippet:-1, max-image-preview:large, max-video-preview:-1\" \/>\n<link rel=\"canonical\" href=\"https:\/\/psychsafety.workplaceoptions.com\/es\/resource\/el-impacto-del-compromiso-de-los-empleados-en-la-seguridad-psicologica\/\" \/>\n<meta property=\"og:locale\" content=\"es_ES\" \/>\n<meta property=\"og:type\" content=\"article\" \/>\n<meta property=\"og:title\" content=\"El impacto del compromiso de los empleados en la seguridad psicol\u00f3gica\" \/>\n<meta property=\"og:description\" content=\"En este episodio del podcast, Andrey y el Dr. Palmer discuten el impacto del compromiso de los empleados en la seguridad psicol\u00f3gica en el lugar de trabajo.\" \/>\n<meta property=\"og:url\" content=\"https:\/\/psychsafety.workplaceoptions.com\/es\/resource\/el-impacto-del-compromiso-de-los-empleados-en-la-seguridad-psicologica\/\" \/>\n<meta property=\"og:site_name\" content=\"Psychological Safety\" \/>\n<meta property=\"article:modified_time\" content=\"2025-07-02T14:39:23+00:00\" \/>\n<meta property=\"og:image\" content=\"https:\/\/psychsafety.workplaceoptions.com\/wp-content\/uploads\/2025\/03\/iStock-533245121.jpg\" \/>\n\t<meta property=\"og:image:width\" content=\"2400\" \/>\n\t<meta property=\"og:image:height\" content=\"1602\" \/>\n\t<meta property=\"og:image:type\" content=\"image\/jpeg\" \/>\n<meta name=\"twitter:card\" content=\"summary_large_image\" \/>\n<meta name=\"twitter:label1\" content=\"Tiempo de lectura\" \/>\n\t<meta name=\"twitter:data1\" content=\"1 minuto\" \/>\n<script type=\"application\/ld+json\" class=\"yoast-schema-graph\">{\"@context\":\"https:\\\/\\\/schema.org\",\"@graph\":[{\"@type\":\"WebPage\",\"@id\":\"https:\\\/\\\/psychsafety.workplaceoptions.com\\\/es\\\/resource\\\/el-impacto-del-compromiso-de-los-empleados-en-la-seguridad-psicologica\\\/\",\"url\":\"https:\\\/\\\/psychsafety.workplaceoptions.com\\\/es\\\/resource\\\/el-impacto-del-compromiso-de-los-empleados-en-la-seguridad-psicologica\\\/\",\"name\":\"El impacto del compromiso de los empleados en la seguridad psicol\u00f3gica\",\"isPartOf\":{\"@id\":\"https:\\\/\\\/psychsafety.workplaceoptions.com\\\/es\\\/#website\"},\"primaryImageOfPage\":{\"@id\":\"https:\\\/\\\/psychsafety.workplaceoptions.com\\\/es\\\/resource\\\/el-impacto-del-compromiso-de-los-empleados-en-la-seguridad-psicologica\\\/#primaryimage\"},\"image\":{\"@id\":\"https:\\\/\\\/psychsafety.workplaceoptions.com\\\/es\\\/resource\\\/el-impacto-del-compromiso-de-los-empleados-en-la-seguridad-psicologica\\\/#primaryimage\"},\"thumbnailUrl\":\"https:\\\/\\\/psychsafety.workplaceoptions.com\\\/wp-content\\\/uploads\\\/2025\\\/03\\\/iStock-533245121.jpg\",\"datePublished\":\"2024-10-09T16:19:17+00:00\",\"dateModified\":\"2025-07-02T14:39:23+00:00\",\"description\":\"En este episodio del podcast, Andrey y el Dr. Palmer discuten el impacto del compromiso de los empleados en la seguridad psicol\u00f3gica en el lugar de trabajo.\",\"breadcrumb\":{\"@id\":\"https:\\\/\\\/psychsafety.workplaceoptions.com\\\/es\\\/resource\\\/el-impacto-del-compromiso-de-los-empleados-en-la-seguridad-psicologica\\\/#breadcrumb\"},\"inLanguage\":\"es\",\"potentialAction\":[{\"@type\":\"ReadAction\",\"target\":[\"https:\\\/\\\/psychsafety.workplaceoptions.com\\\/es\\\/resource\\\/el-impacto-del-compromiso-de-los-empleados-en-la-seguridad-psicologica\\\/\"]}]},{\"@type\":\"ImageObject\",\"inLanguage\":\"es\",\"@id\":\"https:\\\/\\\/psychsafety.workplaceoptions.com\\\/es\\\/resource\\\/el-impacto-del-compromiso-de-los-empleados-en-la-seguridad-psicologica\\\/#primaryimage\",\"url\":\"https:\\\/\\\/psychsafety.workplaceoptions.com\\\/wp-content\\\/uploads\\\/2025\\\/03\\\/iStock-533245121.jpg\",\"contentUrl\":\"https:\\\/\\\/psychsafety.workplaceoptions.com\\\/wp-content\\\/uploads\\\/2025\\\/03\\\/iStock-533245121.jpg\",\"width\":2400,\"height\":1602},{\"@type\":\"BreadcrumbList\",\"@id\":\"https:\\\/\\\/psychsafety.workplaceoptions.com\\\/es\\\/resource\\\/el-impacto-del-compromiso-de-los-empleados-en-la-seguridad-psicologica\\\/#breadcrumb\",\"itemListElement\":[{\"@type\":\"ListItem\",\"position\":1,\"name\":\"Home\",\"item\":\"https:\\\/\\\/psychsafety.workplaceoptions.com\\\/es\\\/inicio\\\/\"},{\"@type\":\"ListItem\",\"position\":2,\"name\":\"Resources\",\"item\":\"https:\\\/\\\/psychsafety.workplaceoptions.com\\\/es\\\/resources\\\/\"},{\"@type\":\"ListItem\",\"position\":3,\"name\":\"El impacto del compromiso de los empleados en la seguridad psicol\u00f3gica\"}]},{\"@type\":\"WebSite\",\"@id\":\"https:\\\/\\\/psychsafety.workplaceoptions.com\\\/es\\\/#website\",\"url\":\"https:\\\/\\\/psychsafety.workplaceoptions.com\\\/es\\\/\",\"name\":\"Psychological Safety\",\"description\":\"\",\"potentialAction\":[{\"@type\":\"SearchAction\",\"target\":{\"@type\":\"EntryPoint\",\"urlTemplate\":\"https:\\\/\\\/psychsafety.workplaceoptions.com\\\/es\\\/?s={search_term_string}\"},\"query-input\":{\"@type\":\"PropertyValueSpecification\",\"valueRequired\":true,\"valueName\":\"search_term_string\"}}],\"inLanguage\":\"es\"}]}<\/script>\n<!-- \/ Yoast SEO plugin. -->","yoast_head_json":{"title":"El impacto del compromiso de los empleados en la seguridad psicol\u00f3gica","description":"En este episodio del podcast, Andrey y el Dr. Palmer discuten el impacto del compromiso de los empleados en la seguridad psicol\u00f3gica en el lugar de trabajo.","robots":{"index":"index","follow":"follow","max-snippet":"max-snippet:-1","max-image-preview":"max-image-preview:large","max-video-preview":"max-video-preview:-1"},"canonical":"https:\/\/psychsafety.workplaceoptions.com\/es\/resource\/el-impacto-del-compromiso-de-los-empleados-en-la-seguridad-psicologica\/","og_locale":"es_ES","og_type":"article","og_title":"El impacto del compromiso de los empleados en la seguridad psicol\u00f3gica","og_description":"En este episodio del podcast, Andrey y el Dr. Palmer discuten el impacto del compromiso de los empleados en la seguridad psicol\u00f3gica en el lugar de trabajo.","og_url":"https:\/\/psychsafety.workplaceoptions.com\/es\/resource\/el-impacto-del-compromiso-de-los-empleados-en-la-seguridad-psicologica\/","og_site_name":"Psychological Safety","article_modified_time":"2025-07-02T14:39:23+00:00","og_image":[{"width":2400,"height":1602,"url":"https:\/\/psychsafety.workplaceoptions.com\/wp-content\/uploads\/2025\/03\/iStock-533245121.jpg","type":"image\/jpeg"}],"twitter_card":"summary_large_image","twitter_misc":{"Tiempo de lectura":"1 minuto"},"schema":{"@context":"https:\/\/schema.org","@graph":[{"@type":"WebPage","@id":"https:\/\/psychsafety.workplaceoptions.com\/es\/resource\/el-impacto-del-compromiso-de-los-empleados-en-la-seguridad-psicologica\/","url":"https:\/\/psychsafety.workplaceoptions.com\/es\/resource\/el-impacto-del-compromiso-de-los-empleados-en-la-seguridad-psicologica\/","name":"El impacto del compromiso de los empleados en la seguridad psicol\u00f3gica","isPartOf":{"@id":"https:\/\/psychsafety.workplaceoptions.com\/es\/#website"},"primaryImageOfPage":{"@id":"https:\/\/psychsafety.workplaceoptions.com\/es\/resource\/el-impacto-del-compromiso-de-los-empleados-en-la-seguridad-psicologica\/#primaryimage"},"image":{"@id":"https:\/\/psychsafety.workplaceoptions.com\/es\/resource\/el-impacto-del-compromiso-de-los-empleados-en-la-seguridad-psicologica\/#primaryimage"},"thumbnailUrl":"https:\/\/psychsafety.workplaceoptions.com\/wp-content\/uploads\/2025\/03\/iStock-533245121.jpg","datePublished":"2024-10-09T16:19:17+00:00","dateModified":"2025-07-02T14:39:23+00:00","description":"En este episodio del podcast, Andrey y el Dr. Palmer discuten el impacto del compromiso de los empleados en la seguridad psicol\u00f3gica en el lugar de trabajo.","breadcrumb":{"@id":"https:\/\/psychsafety.workplaceoptions.com\/es\/resource\/el-impacto-del-compromiso-de-los-empleados-en-la-seguridad-psicologica\/#breadcrumb"},"inLanguage":"es","potentialAction":[{"@type":"ReadAction","target":["https:\/\/psychsafety.workplaceoptions.com\/es\/resource\/el-impacto-del-compromiso-de-los-empleados-en-la-seguridad-psicologica\/"]}]},{"@type":"ImageObject","inLanguage":"es","@id":"https:\/\/psychsafety.workplaceoptions.com\/es\/resource\/el-impacto-del-compromiso-de-los-empleados-en-la-seguridad-psicologica\/#primaryimage","url":"https:\/\/psychsafety.workplaceoptions.com\/wp-content\/uploads\/2025\/03\/iStock-533245121.jpg","contentUrl":"https:\/\/psychsafety.workplaceoptions.com\/wp-content\/uploads\/2025\/03\/iStock-533245121.jpg","width":2400,"height":1602},{"@type":"BreadcrumbList","@id":"https:\/\/psychsafety.workplaceoptions.com\/es\/resource\/el-impacto-del-compromiso-de-los-empleados-en-la-seguridad-psicologica\/#breadcrumb","itemListElement":[{"@type":"ListItem","position":1,"name":"Home","item":"https:\/\/psychsafety.workplaceoptions.com\/es\/inicio\/"},{"@type":"ListItem","position":2,"name":"Resources","item":"https:\/\/psychsafety.workplaceoptions.com\/es\/resources\/"},{"@type":"ListItem","position":3,"name":"El impacto del compromiso de los empleados en la seguridad psicol\u00f3gica"}]},{"@type":"WebSite","@id":"https:\/\/psychsafety.workplaceoptions.com\/es\/#website","url":"https:\/\/psychsafety.workplaceoptions.com\/es\/","name":"Psychological Safety","description":"","potentialAction":[{"@type":"SearchAction","target":{"@type":"EntryPoint","urlTemplate":"https:\/\/psychsafety.workplaceoptions.com\/es\/?s={search_term_string}"},"query-input":{"@type":"PropertyValueSpecification","valueRequired":true,"valueName":"search_term_string"}}],"inLanguage":"es"}]}},"_links":{"self":[{"href":"https:\/\/psychsafety.workplaceoptions.com\/es\/wp-json\/wp\/v2\/resource\/1387","targetHints":{"allow":["GET"]}}],"collection":[{"href":"https:\/\/psychsafety.workplaceoptions.com\/es\/wp-json\/wp\/v2\/resource"}],"about":[{"href":"https:\/\/psychsafety.workplaceoptions.com\/es\/wp-json\/wp\/v2\/types\/resource"}],"wp:featuredmedia":[{"embeddable":true,"href":"https:\/\/psychsafety.workplaceoptions.com\/es\/wp-json\/wp\/v2\/media\/1118"}],"wp:attachment":[{"href":"https:\/\/psychsafety.workplaceoptions.com\/es\/wp-json\/wp\/v2\/media?parent=1387"}],"wp:term":[{"taxonomy":"resource-type","embeddable":true,"href":"https:\/\/psychsafety.workplaceoptions.com\/es\/wp-json\/wp\/v2\/resource-type?post=1387"}],"curies":[{"name":"wp","href":"https:\/\/api.w.org\/{rel}","templated":true}]}}

El impacto del compromiso de los empleados en la seguridad psicológica

<div id="buzzsprout-player-15898904"></div><script src="https://www.buzzsprout.com/2134480/episodes/15898904-the-impact-of-employee-engagement-on-psychological-safety.js?container_id=buzzsprout-player-15898904&#038;player=small" type="text/javascript" charset="utf-8"></script>

<h2 class="wp-block-heading">Sobre el Anfitrión</h2>

<p id="caption-attachment-52964"><em>Andrey Ageev (Gestor de Cuentas Senior, Workplace Options)</em></p>

<figure class="wp-block-image size-full"><img loading="lazy" decoding="async" width="150" height="150" src="https://psychsafety.workplaceoptions.com/wp-content/uploads/2025/03/Andrey-Ageev-150x150-1.jpg" alt="Fotograf&#xED;a de Andrey" class="wp-image-607"/></figure>

<p>Andrey se incorporó a WPO en 2022, aportando casi 10 años de experiencia en funciones de ventas y gestión de cuentas, habiendo asesorado a organizaciones de los sectores financiero, manufacturero, sanitario, minorista y tecnológico. Se centra especialmente en la integridad y el desarrollo de relaciones sólidas con sus clientes, así como en encontrar soluciones beneficiosas para todos siempre que sea posible. En cada interacción, su objetivo es poner al cliente en primer lugar y comprender de forma proactiva las necesidades empresariales individuales para ofrecer el mejor asesoramiento posible. Las responsabilidades de gestión de cuentas de Andrey incluyen la planificación y el lanzamiento de programas para nuevos clientes, el apoyo a los clientes existentes con iniciativas en curso y la elaboración de informes de utilización, análisis de tendencias y consultas para maximizar el valor de nuestros servicios para los clientes. Andrey es experto en comprender los requisitos empresariales de los clientes y superar sus expectativas.   </p>

<p>Andrey reside en Montreal, Quebec, Canadá. Es licenciado en Gestión Empresarial por el Dawson College y habla inglés y francés con fluidez. </p>

<h2 class="wp-block-heading">Sobre el invitado</h2>

<p id="caption-attachment-52965"><em>Dr. Brian Palmer (Director Médico Asociado, HealthPartners)</em></p>

<figure class="wp-block-image size-full"><img loading="lazy" decoding="async" width="200" height="200" src="https://psychsafety.workplaceoptions.com/wp-content/uploads/2025/03/Dr-Palmer.jpg" alt="Fotograf&#xED;a del Dr. Palmer" class="wp-image-608" srcset="https://psychsafety.workplaceoptions.com/wp-content/uploads/2025/03/Dr-Palmer.jpg 200w, https://psychsafety.workplaceoptions.com/wp-content/uploads/2025/03/Dr-Palmer-150x150.jpg 150w" sizes="auto, (max-width: 200px) 100vw, 200px" /></figure>

<p>El Dr. Palmer se licenció en Medicina en la Facultad de Medicina Alix de la Clínica Mayo y completó su residencia en el Hospital General de Massachusetts y en el Hospital McLean. Lleva más de 15 años ejerciendo. </p>

<!-- This site is optimized with the Yoast SEO plugin v27.4 - https://yoast.com/product/yoast-seo-wordpress/ -->
<title>El impacto del compromiso de los empleados en la seguridad psicológica</title>
<meta name="description" content="En este episodio del podcast, Andrey y el Dr. Palmer discuten el impacto del compromiso de los empleados en la seguridad psicológica en el lugar de trabajo." />
<meta name="robots" content="index, follow, max-snippet:-1, max-image-preview:large, max-video-preview:-1" />
<link rel="canonical" href="https://psychsafety.workplaceoptions.com/es/resource/el-impacto-del-compromiso-de-los-empleados-en-la-seguridad-psicologica/" />
<meta property="og:locale" content="es_ES" />
<meta property="og:type" content="article" />
<meta property="og:title" content="El impacto del compromiso de los empleados en la seguridad psicológica" />
<meta property="og:description" content="En este episodio del podcast, Andrey y el Dr. Palmer discuten el impacto del compromiso de los empleados en la seguridad psicológica en el lugar de trabajo." />
<meta property="og:url" content="https://psychsafety.workplaceoptions.com/es/resource/el-impacto-del-compromiso-de-los-empleados-en-la-seguridad-psicologica/" />
<meta property="og:site_name" content="Psychological Safety" />
<meta property="article:modified_time" content="2025-07-02T14:39:23+00:00" />
<meta property="og:image" content="https://psychsafety.workplaceoptions.com/wp-content/uploads/2025/03/iStock-533245121.jpg" />
	<meta property="og:image:width" content="2400" />
	<meta property="og:image:height" content="1602" />
	<meta property="og:image:type" content="image/jpeg" />
<meta name="twitter:card" content="summary_large_image" />
<meta name="twitter:label1" content="Tiempo de lectura" />
	<meta name="twitter:data1" content="1 minuto" />
<script type="application/ld+json" class="yoast-schema-graph">{"@context":"https:\/\/schema.org","@graph":[{"@type":"WebPage","@id":"https:\/\/psychsafety.workplaceoptions.com\/es\/resource\/el-impacto-del-compromiso-de-los-empleados-en-la-seguridad-psicologica\/","url":"https:\/\/psychsafety.workplaceoptions.com\/es\/resource\/el-impacto-del-compromiso-de-los-empleados-en-la-seguridad-psicologica\/","name":"El impacto del compromiso de los empleados en la seguridad psicológica","isPartOf":{"@id":"https:\/\/psychsafety.workplaceoptions.com\/es\/#website"},"primaryImageOfPage":{"@id":"https:\/\/psychsafety.workplaceoptions.com\/es\/resource\/el-impacto-del-compromiso-de-los-empleados-en-la-seguridad-psicologica\/#primaryimage"},"image":{"@id":"https:\/\/psychsafety.workplaceoptions.com\/es\/resource\/el-impacto-del-compromiso-de-los-empleados-en-la-seguridad-psicologica\/#primaryimage"},"thumbnailUrl":"https:\/\/psychsafety.workplaceoptions.com\/wp-content\/uploads\/2025\/03\/iStock-533245121.jpg","datePublished":"2024-10-09T16:19:17+00:00","dateModified":"2025-07-02T14:39:23+00:00","description":"En este episodio del podcast, Andrey y el Dr. Palmer discuten el impacto del compromiso de los empleados en la seguridad psicológica en el lugar de trabajo.","breadcrumb":{"@id":"https:\/\/psychsafety.workplaceoptions.com\/es\/resource\/el-impacto-del-compromiso-de-los-empleados-en-la-seguridad-psicologica\/#breadcrumb"},"inLanguage":"es","potentialAction":[{"@type":"ReadAction","target":["https:\/\/psychsafety.workplaceoptions.com\/es\/resource\/el-impacto-del-compromiso-de-los-empleados-en-la-seguridad-psicologica\/"]}]},{"@type":"ImageObject","inLanguage":"es","@id":"https:\/\/psychsafety.workplaceoptions.com\/es\/resource\/el-impacto-del-compromiso-de-los-empleados-en-la-seguridad-psicologica\/#primaryimage","url":"https:\/\/psychsafety.workplaceoptions.com\/wp-content\/uploads\/2025\/03\/iStock-533245121.jpg","contentUrl":"https:\/\/psychsafety.workplaceoptions.com\/wp-content\/uploads\/2025\/03\/iStock-533245121.jpg","width":2400,"height":1602},{"@type":"BreadcrumbList","@id":"https:\/\/psychsafety.workplaceoptions.com\/es\/resource\/el-impacto-del-compromiso-de-los-empleados-en-la-seguridad-psicologica\/#breadcrumb","itemListElement":[{"@type":"ListItem","position":1,"name":"Home","item":"https:\/\/psychsafety.workplaceoptions.com\/es\/inicio\/"},{"@type":"ListItem","position":2,"name":"Resources","item":"https:\/\/psychsafety.workplaceoptions.com\/es\/resources\/"},{"@type":"ListItem","position":3,"name":"El impacto del compromiso de los empleados en la seguridad psicológica"}]},{"@type":"WebSite","@id":"https:\/\/psychsafety.workplaceoptions.com\/es\/#website","url":"https:\/\/psychsafety.workplaceoptions.com\/es\/","name":"Psychological Safety","description":"","potentialAction":[{"@type":"SearchAction","target":{"@type":"EntryPoint","urlTemplate":"https:\/\/psychsafety.workplaceoptions.com\/es\/?s={search_term_string}"},"query-input":{"@type":"PropertyValueSpecification","valueRequired":true,"valueName":"search_term_string"}}],"inLanguage":"es"}]}</script>
<!-- / Yoast SEO plugin. -->

En este episodio del podcast, Andrey y el Dr. Palmer discuten el impacto del compromiso de los empleados en la seguridad psicológica en el lugar de trabajo.
